5, 7, 17, 53, 863
List the prime factors of 95180632.
2, 11897579
List the prime factors of 217383839.
217383839
List the prime factors of 24017840.
2, 5, 7, 11, 557
What are the prime factors of 1359713270?
2, 5, 199, 683273
List the prime factors of 17692082.
2, 229, 38629
What are the prime factors of 83651934?
2, 3, 17, 820117
What are the prime factors of 47590883?
47590883
List the prime factors of 580703898.
2, 3, 96783983
List the prime factors of 77310080.
2, 5, 113, 1069
What are the prime factors of 47120174?
2, 43, 547909
List the prime factors of 49097928.
2, 3, 11, 29, 53
What are the prime factors of 497568833?
497568833
What are the prime factors of 1196202792?
2, 3, 53, 101, 9311
What are the prime factors of 1337768338?
2, 13043, 51283
List the prime factors of 6500921166.
2, 3, 13376381
List the prime factors of 146126409.
3, 11, 13, 103, 3307
What are the prime factors of 6899548335?
3, 5, 89, 5168201
List the prime factors of 69913310.
2, 5, 103, 659
List the prime factors of 35490427.
7, 5070061
List the prime factors of 158096278.
2, 971, 81409
List the prime factors of 257552057.
7, 17, 47, 46049
What are the prime factors of 335863354?
2, 239, 661, 1063
What are the prime factors of 97594521?
3, 32531507
What are the prime factors of 2510253770?
2, 5, 1571, 159787
List the prime factors of 204517648.
2, 37, 9337
List the prime factors of 7486472694.
2, 3, 1247745449
List the prime factors of 474325716.
2, 3, 3083, 12821
What are the prime factors of 1290654567?
3, 67, 237821
What are the prime factors of 170903024?
2, 19, 562181
What are the prime factors of 5744019182?
2, 11, 199, 1312019
List the prime factors of 569597558.
2, 284798779
List the prime factors of 395874423.
3, 7, 103, 61007
What are the prime factors of 220029720?
2, 3, 5, 1833581
List the prime factors of 29231395.
5, 5846279
List the prime factors of 404560817.
29, 41, 59, 73, 79
What are the prime factors of 329431503?
3, 29, 3786569
What are the prime factors of 6685536?
2, 3, 11, 13, 487
List the prime factors of 482716211.
347, 1391113
List the prime factors of 39426870.
2, 3, 5, 7, 26821
List the prime factors of 177580212.
2, 3, 2551, 5801
What are the prime factors of 443489811?
3, 19, 7780523
What are the prime factors of 263850355?
5, 67, 137, 5749
List the prime factors of 322340666.
2, 31, 5199043
List the prime factors of 437766714.
2, 3, 7, 11, 127, 829
List the prime factors of 408208904.
2, 51026113
What are the prime factors of 489859682?
2, 13, 1449289
List the prime factors of 2963254118.
2, 11, 3137, 42937
What are the prime factors of 3209938248?
2, 3, 11, 3323, 3659
What are the prime factors of 1328724457?
1328724457
What are the prime factors of 3708912163?
11, 337173833
What are the prime factors of 53242408?
2, 19, 37, 9467
What are the prime factors of 220419429?
3, 71, 1034833
What are the prime factors of 1219820316?
2, 3, 11, 13, 710851
List the prime factors of 39003260.
2, 5, 29, 67247
List the prime factors of 907166497.
53, 17116349
List the prime factors of 881738350.
2, 5, 23, 71, 10799
What are the prime factors of 245216474?
2, 79, 349, 4447
What are the prime factors of 854183012?
2, 41, 5208433
What are the prime factors of 247437769?
71, 1297, 2687
List the prime factors of 17351631.
3, 11, 37, 1579
List the prime factors of 398864194.
2, 97, 2056001
What are the prime factors of 3983954275?
5, 7, 22765453
What are the prime factors of 25269410?
2, 5, 23, 181, 607
What are the prime factors of 472835367?
3, 17512421
What are the prime factors of 42668240?
2, 5, 533353
List the prime factors of 1609763849.
769, 2093321
List the prime factors of 714770501.
47, 15207883
What are the prime factors of 309422624?
2, 7, 773, 1787
List the prime factors of 192814917.
3, 733, 87683
What are the prime factors of 26387509?
23, 43, 26681
List the prime factors of 257669172.
2, 3, 7157477
What are the prime factors of 6254570446?
2, 1021, 3062963
What are the prime factors of 51557185?
5, 31, 139, 2393
List the prime factors of 422285073.
3, 7, 20108813
List the prime factors of 145164266.
2, 13, 1583, 3527
What are the prime factors of 44999450?
2, 5, 331, 2719
List the prime factors of 2091363974.
2, 7, 31, 101, 47711
List the prime factors of 4019445.
3, 5, 179, 499
List the prime factors of 1854190311.
3, 89, 829, 8377
List the prime factors of 1553552.
2, 7, 11, 13, 97
What are the prime factors of 2564595121?
11, 43, 359, 1373
What are the prime factors of 1623249?
3, 180361
List the prime factors of 467734227.
3, 103, 181, 8363
List the prime factors of 955947164.
2, 3163, 75557
What are the prime factors of 34296694?
2, 17148347
What are the prime factors of 81559548?
2, 3, 7, 11987
What are the prime factors of 1369473562?
2, 684736781
What are the prime factors of 64087729?
23, 2786423
What are the prime factors of 2109831284?
2, 11, 47950711
What are the prime factors of 3802842306?
2, 3, 7877, 26821
What are the prime factors of 56728196?
2, 7, 433, 4679
List the prime factors of 28397637.
3, 1279, 2467
List the prime factors of 859704244.
2, 7, 30703723
List the prime factors of 90767218.
2, 19, 173, 13807
List the prime factors of 4488093679.
29, 97, 1595483
List the prime factors of 234449483.
234449483
List the prime factors of 24763068.
2, 3, 11, 62533
List the prime factors of 242072610.
2, 3, 5, 13, 41, 15139
List the prime factors of 28123994.
2, 2251, 6247
What are the prime factors of 815834913?
3, 17, 167, 95789
List the prime factors of 441183913.
43, 10260091
List the prime factors of 53771300.
2, 5, 11, 48883
List the prime factors of 7140197147.
71, 100566157
List the prime factors of 1713230813.
7, 244747259
What are the prime factors of 7035051692?
2, 2789, 630607
What are the prime factors of 180968121?
3, 1549, 4327
List the prime factors of 160256437.
11, 14568767
List the prime factors of 5315115337.
7, 7723, 98317
List the prime factors of 179323059.
3, 1627, 36739
What are the prime factors of 276737862?
2, 3, 46122977
List the prime factors of 237677523.
3, 2357, 33613
List the prime factors of 955619626.
2, 13, 2827277
What are the prime factors of 42581303?
23, 59, 31379
What are the prime factors of 13851716?
2, 241, 14369
List the prime factors of 239487346.
2, 7, 67, 199, 1283
What are the prime factors of 4142450035?
5, 251, 3300757
What are the prime factors of 9223867?
9223867
List the prime factors of 6194607439.
353, 17548463
What are the prime factors of 1096971360?
2, 3, 5, 2285357
What are the prime factors of 1679118875?
5, 7, 31, 103, 601
List the prime factors of 1666487403.
3, 7, 43, 87881
List the prime factors of 237334912.
2, 1854179
What are the prime factors of 1599505736?
2, 199938217
What are the prime factors of 32830205?
5, 47, 139703
List the prime factors of 56311081.
41, 1373441
List the prime factors of 100223007.
3, 17, 101, 19457
List the prime factors of 12122316.
2, 3, 83, 4057
What are the prime factors of 87719025?
3, 5, 1169587
What are the prime factors of 2518324725?
3, 5, 7, 277, 17317
What are the prime factors of 241585606?
2, 17, 23, 308933
List the prime factors of 39673869.
3, 17, 777919
What are the prime factors of 12228676?
2, 101, 30269
List the prime factors of 344867320.
2, 5, 7, 1231669
List the prime factors of 3394561156.
2, 7, 17, 127, 233, 241
What are the prime factors of 54360327?
3, 7, 269, 9623
What are the prime factors of 383925429?
3, 271, 157411
What are the prime factors of 52818192?
2, 3, 7, 61, 859
List the prime factors of 4952153776.
2, 31, 821, 12161
List the prime factors of 93948914.
2, 571, 82267
What are the prime factors of 295432177?
47, 6285791
List the prime factors of 161135215.
5, 5441, 5923
What are the prime factors of 3804083095?
5, 760816619
List the prime factors of 1663733821.
379, 4389799
List the prime factors of 78031440.
2, 3, 5, 108377
What are the prime factors of 29724517?
17, 163, 631
What are the prime factors of 1255845991?
31, 1033, 39217
What are the prime factors of 128178711?
3, 139, 102461
What are the prime factors of 6002078994?
2, 3, 111149611
List the prime factors of 74755088.
2, 149, 31357
List the prime factors of 188785637.
313, 603149
List the prime factors of 102149973.
3, 